3102220?
True
Is 22632679 a multiple of 3771?
False
Does 848 divide 358646133?
False
Is 2383 a factor of 730642915?
False
Does 8 divide 63011937?
False
Is 19170662 a multiple of 74?
True
Is 80278120 a multiple of 520?
True
Does 21 divide 164350779?
False
Is 7742204 a multiple of 439?
True
Is 1343 a factor of 140404646?
False
Is 29880218 a multiple of 62?
True
Is 22384610 a multiple of 9?
False
Does 1037 divide 769525553?
True
Does 8 divide 29618904?
True
Is 6593 a factor of 627521740?
True
Does 2 divide 7918408?
True
Is 1025222311 a multiple of 5593?
False
Is 125575991 a multiple of 17?
True
Does 61 divide 109393923?
True
Does 4 divide 40968168?
True
Is 388237543 a multiple of 3287?
False
Is 1827406704 a multiple of 102?
True
Is 239 a factor of 3170740?
False
Is 187 a factor of 206725195?
False
Is 11 a factor of 12393637?
False
Does 1477 divide 500519852?
True
Is 22805117 a multiple of 721?
False
Is 304 a factor of 812104384?
True
Is 1703 a factor of 67990572?
True
Is 24 a factor of 42736104?
True
Is 311 a factor of 4989157?
False
Is 24 a factor of 14751036?
False
Is 708716469 a multiple of 6026?
False
Is 78 a factor of 16150977?
False
Is 43545060 a multiple of 540?
True
Is 248615640 a multiple of 13?
True
Is 10597247 a multiple of 37?
False
Is 3415323366 a multiple of 2259?
True
Does 11 divide 255063418?
False
Does 173 divide 26783470?
False
Is 49482198 a multiple of 2799?
False
Does 40 divide 89331753?
False
Is 36 a factor of 32494392?
True
Is 7 a factor of 19366133?
False
Does 95 divide 2964931868?
False
Does 482 divide 22408401?
False
Is 9 a factor of 174925134?
True
Is 47272022 a multiple of 239?
False
Is 494 a factor of 168380281?
False
Does 102 divide 8420610?
True
Does 17 divide 18481831?
False
Does 144 divide 63990078?
False
Is 7 a factor of 631077727?
True
Is 571791682 a multiple of 11?
True
Is 789515057 a multiple of 73?
False
Does 70 divide 5819030?
True
Is 3578256 a multiple of 81?
True
Does 43 divide 36937258?
True
Is 1904184040 a multiple of 6616?
True
Is 14020332 a multiple of 12?
True
Is 69900 a multiple of 12?
True
Is 316620528 a multiple of 24?
True
Does 50 divide 99105150?
True
Is 31 a factor of 2700512114?
True
Is 2 a factor of 381723?
False
Is 156 a factor of 1768877448?
True
Is 143760271 a multiple of 50?
False
Is 87667228 a multiple of 3781?
False
Does 126 divide 11043648?
True
Is 14 a factor of 225087954?
True
Does 273 divide 118704782?
False
Is 1815 a factor of 213674505?
True
Is 15 a factor of 8719500?
True
Is 1395 a factor of 165995235?
True
Is 4557 a factor of 104416593?
False
Is 2146407135 a multiple of 43?
True
Does 145 divide 471405150?
True
Does 47 divide 6330825?
False
Is 10206783 a multiple of 447?
False
Is 11436957 a multiple of 81?
True
Does 797 divide 21787589?
True
Does 1118 divide 135153514?
False
Is 2178011352 a multiple of 66?
True
Does 61 divide 30082333?
True
Does 16 divide 9228422?
False
Does 2449 divide 38370932?
True
Is 909731898 a multiple of 9?
True
Is 449746544 a multiple of 23?
False
Is 20 a factor of 1460160?
True
Is 137595025 a multiple of 425?
True
Is 19 a factor of 305925880?
False
Does 594 divide 8493662?
False
Is 436245440 a multiple of 14?
False
Does 13 divide 14984227?
False
Is 99 a factor of 80378833?
False
Does 8 divide 12931671?
False
Is 58676355 a multiple of 15?
True
Does 1081 divide 201342736?
True
Is 149 a factor of 39382041?
True
Is 10 a factor of 90328080?
True
Does 34 divide 130154881?
False
Is 125 a factor of 177111250?
True
Does 171 divide 331213865?
False
Is 57708149 a multiple of 25?
False
Is 391 a factor of 938760254?
False
Is 153 a factor of 5348268?
True
Does 102 divide 38711693?
False
Is 13468271 a multiple of 21?
False
Does 3049 divide 12467949?
False
Is 16 a factor of 735557168?
True
Is 453 a factor of 181921260?
False
Is 11 a factor of 126733331?
False
Does 1911 divide 613671786?
True
Is 10 a factor of 2158786779?
False
Is 26795276 a multiple of 13?
False
Is 1212636537 a multiple of 63?
True
Does 17 divide 293387307?
False
Is 147911500 a multiple of 220?
True
Is 4 a factor of 270494954?
False
Is 74 a factor of 2454146659?
False
Does 12 divide 1551130392?
True
Is 736840244 a multiple of 28?
True
Is 32 a factor of 1168309166?
False
Is 896 a factor of 105915264?
True
Is 146 a factor of 136085870?
True
Is 1158117430 a multiple of 546?
False
Does 16 divide 21639965?
False
Is 2174623491 a multiple of 84?
False
Does 196 divide 50275757?
False
Is 933 a factor of 32637884?
False
Does 48 divide 43806960?
True
Is 54 a factor of 2113722?
True
Does 67 divide 399693240?
False
Does 44 divide 658342036?
True
Is 2071 a factor of 558550771?
True
Is 23 a factor of 141219946?
False
Is 597 a factor of 3426142?
False
Is 64652474 a multiple of 85?
False
Is 3442 a factor of 1428573071?
False
Is 2015916831 a multiple of 17?
True
Is 58 a factor of 2237378?
False
Is 10 a factor of 1695600078?
False
Is 13 a factor of 3308377?
False
Is 427 a factor of 29949001?
False
Is 1457789997 a multiple of 4?
False
Does 1900 divide 2661285615?
False
Does 194 divide 102997122?
True
Does 10 divide 318814520?
True
Does 379 divide 1178120363?
True
Is 88925892 a multiple of 22?
True
Is 8188597 a multiple of 279?
False
Is 857 a factor of 162390359?
True
Does 3327 divide 73159080?
False
Does 43 divide 408128609?
True
Is 480585152 a multiple of 140?
False
Does 5 divide 13223603?
False
Is 48 a factor of 3969120?
True
Is 58 a factor of 9299662?
True
Is 52 a factor of 30170153?
False
Is 129 a factor of 33816492?
False
Does 31 divide 410370188?
True
Does 72 divide 8462232?
True
Is 41 a factor of 168396271?
False
Does 9 divide 644022831?
False
Is 313 a factor of 42457705?
False
Is 23 a factor of 84499522?
False
Is 51 a factor of 117871965?
True
Is 620496055 a multiple of 3?
False
Is 31993158 a multiple of 187?
False
Does 14 divide 474321967?
False
Is 235 a factor of 15108385?
True
Does 6777 divide 130098069?
True
Is 434 a factor of 10139297?
False
Is 241 a factor of 624110952?
True
Does 5157 divide 1091570741?
False
Is 569 a factor of 47217896?
True
Is 14179510 a multiple of 7?
False
Is 2514506218 a multiple of 14?
True
Is 70759549 a multiple of 12?
False
Is 264077129 a multiple of 319?
False
Does 306 divide 2362626?
True
Is 122228640 a multiple of 288?
True
Is 74601889 a multiple of 3?
False
Is 28 a factor of 6470156?
True
Does 7 divide 3818118?
False
Is 397315053 a multiple of 32?
False
Is 17 a factor of 18653316?
False
Is 26442775 a multiple of 475?
True
Is 60030014 a multiple of 978?
False
Is 18860980 a multiple of 20?
True
Is 6 a factor of 537381712?
False
Is 14780135 a multiple of 351?
False
Does 1963 divide 2781819811?
False
Is 195110314 a multiple of 14?
True
Does 8 divide 26659665?
False
Is 1044 a factor of 11539332?
True
Is 332888813 a multiple of 555?
False
Does 74 divide 18130?
True
Does 2438 divide 465323994?
True
Does 194 divide 408869361?
False
Is 15383 a factor of 3001361747?
True
Is 2787708 a multiple of 3017?
True
Is 1013148656 a multiple of 10?
False
Does 21 divide 9230340?
True
Is 19 a factor of 9732085?
True
Is 31188734 a multiple of 787?
False
Does 5010 divide 177042568?
False
Is 11 a factor of 84205019?
False
Is 64 a factor of 19590464?
True
Is 17338305 a multiple of 1317?
True
Does 4579 divide 457089517?
True
Is 92654644 a multiple of 335?
False
Is 95164371 a multiple of 4?
False
Is 149984187 a multiple of 30?
False
Does 104 divide 15683200?
True
Is 6966531 a multiple of 39?
True
Does 937 divide 1315548?
True
Does 159 divide 45129058?
False
Is 14 a factor of 7582978354?
True
Is 2448 a factor of 116171777?
False
Is 25 a factor of 520641857?
False
Is 37411993 a multiple of 2288?
False
Is 122973531 a multiple of 1262?
False
Does 6 divide 485369376?
True
Is 289309728 a multiple of 48?
True
Is 158202060 a multiple of 161?
False
Is 1605690 a multiple of 27?
True
Is 348540312 a multiple of 1731?
True
Is 11 a factor of 28743692?
False
Is 53650818 a multiple of 234?
True
Is 32 a factor of 195705760?
True
Does 127 divide 49471548?
False
Is 21281624 a multiple of 403?
True
Does 4 divide 70783917?
False
Does 1075 divide 130500700?
True
Is 45 a factor of 365483613?
False
Does 30 divide 36247955?
False
Is 1093 a factor of 158941028?
False
Is 66291335 a multiple of 283?
True
Is 43 a factor of 37295921?
T